le of 2180?
False
Is 357 a factor of 9135727?
False
Does 10 divide 353427?
False
Is 167 a factor of 136606?
True
Is 5166648 a multiple of 146?
True
Does 327 divide 83621?
False
Is 14869272 a multiple of 9?
False
Is 13345920 a multiple of 20?
True
Does 6 divide 2233150?
False
Does 49 divide 68404?
True
Is 100182 a multiple of 37?
False
Is 3 a factor of 1233741?
True
Does 147 divide 142149?
True
Is 3021728 a multiple of 356?
True
Is 4 a factor of 1001660?
True
Is 29 a factor of 1231891?
True
Is 58 a factor of 102660?
True
Is 29 a factor of 13731703?
True
Is 1766969 a multiple of 25?
False
Does 17 divide 18825161?
False
Is 3063331 a multiple of 41?
False
Is 13562352 a multiple of 1324?
False
Is 310226 a multiple of 27?
False
Is 10913615 a multiple of 1560?
False
Is 34 a factor of 5109146?
True
Is 211 a factor of 418413?
True
Is 20 a factor of 338180?
True
Does 247 divide 29887?
True
Does 495 divide 8751546?
False
Is 72 a factor of 1364910?
False
Does 23 divide 634064?
True
Does 1301 divide 14018024?
False
Does 61 divide 16470?
True
Is 1306402 a multiple of 10?
False
Is 16 a factor of 2607664?
True
Is 12 a factor of 11956956?
True
Is 7 a factor of 20391?
True
Does 13 divide 37869?
True
Is 68 a factor of 25480?
False
Does 112 divide 244768?
False
Does 44 divide 106018?
False
Is 81083 a multiple of 14?
False
Is 2775760 a multiple of 26?
True
Is 14 a factor of 272318?
False
Is 28 a factor of 41972?
True
Does 150 divide 2943450?
True
Is 223568 a multiple of 418?
False
Is 3159078 a multiple of 78?
True
Is 300 a factor of 1279500?
True
Does 371 divide 161014?
True
Does 7 divide 59428?
False
Is 22 a factor of 89121?
False
Is 7 a factor of 137959?
False
Does 143 divide 1595022?
True
Is 27 a factor of 11031?
False
Is 140010 a multiple of 39?
True
Is 30 a factor of 34200?
True
Is 6355740 a multiple of 15?
True
Is 216 a factor of 894240?
True
Is 64 a factor of 773391?
False
Does 565 divide 1598631?
False
Does 7 divide 939893?
False
Does 248 divide 469990?
False
Is 3853307 a multiple of 405?
False
Is 15859 a multiple of 35?
False
Is 14 a factor of 1015190?
False
Does 179 divide 1040706?
True
Does 294 divide 117306?
True
Does 168 divide 18738048?
True
Is 959984 a multiple of 636?
False
Does 10 divide 195560?
True
Is 249368 a multiple of 76?
False
Is 1653275 a multiple of 5?
True
Is 83213 a multiple of 2?
False
Does 1245 divide 5316150?
True
Is 57608 a multiple of 551?
False
Is 542040 a multiple of 90?
False
Is 125095 a multiple of 197?
True
Is 15 a factor of 1141373?
False
Is 24474568 a multiple of 86?
True
Does 52 divide 118165?
False
Is 571 a factor of 3431467?
False
Is 197 a factor of 250781?
True
Does 91 divide 194922?
True
Is 553 a factor of 488852?
True
Does 17 divide 52865?
False
Is 172810 a multiple of 55?
True
Is 1552967 a multiple of 106?
False
Is 1133 a factor of 7670410?
True
Does 32 divide 22224224?
True
Is 127222 a multiple of 12?
False
Is 109 a factor of 1316201?
False
Is 6 a factor of 108133?
False
Is 1042404 a multiple of 66?
True
Is 10049 a multiple of 4?
False
Does 280 divide 3901800?
True
Is 51 a factor of 147237?
True
Is 1371051 a multiple of 99?
True
Is 134 a factor of 241200?
True
Does 102 divide 952759?
False
Is 170897 a multiple of 47?
False
Does 138 divide 1117662?
True
Is 88 a factor of 3949968?
True
Is 888387 a multiple of 31?
False
Is 892404 a multiple of 54?
True
Is 289 a factor of 331764?
False
Is 534 a factor of 1629234?
True
Does 481 divide 1889849?
True
Does 30 divide 867300?
True
Is 261 a factor of 2173003?
False
Is 7 a factor of 94990?
True
Is 644 a factor of 1738800?
True
Does 71 divide 59622?
False
Does 98 divide 3732428?
True
Is 61 a factor of 355762?
False
Is 1474561 a multiple of 5?
False
Is 145339 a multiple of 8?
False
Does 76 divide 22645036?
True
Does 617 divide 14930724?
False
Is 54 a factor of 30767?
False
Is 5 a factor of 2073835?
True
Does 82 divide 2528433?
False
Is 4929915 a multiple of 15?
True
Is 71672 a multiple of 124?
True
Is 4 a factor of 1530?
False
Is 239 a factor of 177099?
True
Does 118 divide 3721447?
False
Is 14915625 a multiple of 1875?
True
Is 6618264 a multiple of 257?
True
Is 352 a factor of 21300?
False
Does 6 divide 113627?
False
Is 204 a factor of 732156?
True
Is 95 a factor of 3199695?
True
Is 4 a factor of 138612?
True
Is 1591597 a multiple of 212?
False
Is 357 a factor of 7016835?
True
Is 1187680 a multiple of 130?
True
Does 15 divide 196005?
True
Does 4 divide 46400?
True
Does 28 divide 27681?
False
Is 4480 a multiple of 64?
True
Is 40 a factor of 1651134?
False
Is 51614 a multiple of 146?
False
Is 60 a factor of 110201?
False
Is 576362 a multiple of 71?
False
Is 63 a factor of 189189?
True
Is 1724863 a multiple of 755?
False
Is 38 a factor of 68780?
True
Does 68 divide 824772?
True
Is 434 a factor of 296865?
False
Is 192 a factor of 31872?
True
Is 151 a factor of 4380597?
False
Is 33 a factor of 254562?
True
Is 126 a factor of 321440?
False
Does 32 divide 2296910?
False
Is 185445 a multiple of 65?
True
Is 58 a factor of 581944?
False
Is 21264 a multiple of 172?
False
Is 198 a factor of 336039?
False
Does 49 divide 54297?
False
Is 379 a factor of 27667?
True
Is 82 a factor of 179826?
True
Is 162 a factor of 112813?
False
Is 3 a factor of 1403967?
True
Is 39 a factor of 23213?
False
Is 10055355 a multiple of 111?
False
Is 44 a factor of 5806411?
False
Is 1030441 a multiple of 196?
False
Is 262257 a multiple of 19?
True
Is 180933 a multiple of 56?
False
Does 15 divide 16881405?
True
Is 5 a factor of 153100?
True
Is 576 a factor of 6765696?
True
Is 9 a factor of 355731?
False
Is 1995159 a multiple of 44?
False
Does 22 divide 467412?
True
Is 6 a factor of 80592?
True
Is 14 a factor of 32130?
True
Is 23 a factor of 527007?
False
Does 1645 divide 2442825?
True
Is 2862516 a multiple of 1356?
True
Is 1564533 a multiple of 393?
True
Does 224 divide 684768?
True
Is 93463 a multiple of 15?
False
Is 4101870 a multiple of 1012?
False
Is 98 a factor of 10667888?
True
Is 18 a factor of 13818?
False
Is 9129457 a multiple of 1013?
False
Is 38 a factor of 9514516?
True
Is 370298 a multiple of 2?
True
Is 147696 a multiple of 4?
True
Does 35 divide 854234?
False
Does 70 divide 576660?
True
Is 16140151 a multiple of 62?
False
Is 108720 a multiple of 90?
True
Does 538 divide 1082456?
True
Does 4 divide 94961?
False
Is 19794 a multiple of 42?
False
Is 3514061 a multiple of 22?
False
Is 14 a factor of 321664?
True
Is 1123156 a multiple of 166?
True
Is 9 a factor of 3184560?
True
Does 8 divide 192320?
True
Does 12 divide 24266?
False
Is 14687876 a multiple of 8?
False
Is 213047 a multiple of 105?
False
Is 15060517 a multiple of 2183?
True
Is 26 a factor of 97105?
False
Is 58 a factor of 3731314?
True
Is 209 a factor of 12286467?
False
Is 81962 a multiple of 136?
False
Does 11 divide 435908?
True
Is 649917 a multiple of 136?
False
Is 147371 a multiple of 24?
False
Is 320190 a multiple of 15?
True
Is 4411215 a multiple of 27?
False
Is 130 a factor of 2829911?
False
Is 495160 a multiple of 8?
True
Is 875286 a multiple of 4?
False
Does 1154 divide 1629448?
True
Is 352192 a multiple of 16?
True
Is 281313 a multiple of 151?
True
Is 378384 a multiple of 48?
True
Is 552624 a multiple of 696?
True
Is 440 a factor of 5096960?
True
Is 526864 a multiple of 298?
True
Is 28371 a multiple of 14?
False
Does 57 divide 12891519?
True
Is 727396 a multiple of 17?
True
Is 52 a factor of 4400?
False
Is 362251 even?
False
Is 26484094 a multiple of 14?
True
Is 856254 a multiple of 29?
True
Does 54 divide 3442284?
True
Does 177 divide 203727?
True
Is 211204 a multiple of 133?
True
Is 5863437 a multiple of 64?
False
Is 54216 a multiple of 4?
True
Does 54 divide 960822?
True
Is 66 a factor of 155496?
True
Is 12 a factor of 275639?
False
Is 220584 a multiple of 364?
True
Is 34 a factor of 188339?
False
Is 2520683 a multiple of 200?
False
Is 33 a factor of 948057?
True
Is 2 a factor of 283854?
True
Does 69 divide 208449?
True
Is 107 a factor of 957757?
True
Is 74 a factor of 166069?
False
Is 22094 a multiple of 219?
False
Does 75 divide 292050?
True
Is 9 a factor of 19269?
True
Does 336 divide 27216?
True
Is 138988 a multiple of 20?
False
Is 9 a factor of 2662265?
False
Is 301944 a multiple of 68?
False
Is 7815404 a multiple of 7?
Fals